is 1 - -475?
476
In base 11, what is 2 - 52?
-50
In base 7, what is 414 + 4?
421
In base 13, what is 1307 - -5?
130c
In base 13, what is -81 + -1?
-82
In base 12, what is -1a5 - 2?
-1a7
In base 12, what is -17 - -ba?
a3
In base 2, what is -1000100000 + 0?
-1000100000
In base 2, what is 101 + 1001011000?
1001011101
In base 6, what is -12 - -325?
313
In base 13, what is -2 + 20?
1b
In base 16, what is 12d + -2c?
101
In base 12, what is -7 + 13?
8
In base 16, what is f + -ae?
-9f
In base 14, what is -30 - -23?
-b
In base 13, what is 1a + -244?
-227
In base 14, what is 5 + -249b?
-2496
In base 15, what is c + 17?
24
In base 8, what is -1 - -21?
20
In base 11, what is 1476 + 2?
1478
In base 11, what is 90 + 1?
91
In base 15, what is 7d + -1?
7c
In base 3, what is 10 + -10121010?
-10121000
In base 16, what is -2c0 + 4?
-2bc
In base 13, what is 7 - -124?
12b
In base 16, what is 1 - -59?
5a
In base 5, what is -14312 + 10?
-14302
In base 10, what is -7 + -713?
-720
In base 6, what is 1044 + 10?
1054
In base 14, what is d7 + 3?
da
In base 16, what is -1 - -417?
416
In base 12, what is 18 + -178?
-160
In base 16, what is -bf + f?
-b0
In base 14, what is 6 + -1150?
-1148
In base 2, what is -11 + 100100101001?
100100100110
In base 8, what is -23060 - 4?
-23064
In base 7, what is -115 + 130?
12
In base 2, what is 10011010010 + 10?
10011010100
In base 15, what is 4 - -55?
59
In base 3, what is 10011121 + 20?
10011211
In base 8, what is -16 - -53?
35
In base 13, what is b - 5a8?
-59a
In base 15, what is 31 - 30?
1
In base 8, what is -3070 - 3?
-3073
In base 15, what is -3c + -39?
-76
In base 2, what is -11110010010 - 10?
-11110010100
In base 11, what is -775 - 17?
-791
In base 15, what is 30e + 4?
313
In base 9, what is 140 - -8?
148
In base 16, what is -17f7 - 5?
-17fc
In base 9, what is 65 - 343?
-267
In base 7, what is -6 + 266?
260
In base 11, what is 3 - 18?
-15
In base 11, what is -3 - -28a4?
28a1
In base 10, what is 933 - -5?
938
In base 16, what is -8e - 36?
-c4
In base 5, what is -4 - 13012?
-13021
In base 11, what is -204 - -19?
-196
In base 10, what is 0 - 2610?
-2610
In base 7, what is -111 - -166?
55
In base 6, what is 1 - 205?
-204
In base 10, what is 30 - -17?
47
In base 8, what is 2 + -66?
-64
In base 12, what is 21 - -15?
36
In base 16, what is -44 - -44?
0
In base 15, what is -37 - -a?
-2c
In base 16, what is 25 + -71?
-4c
In base 9, what is 113 + 0?
113
In base 13, what is 1b62 - 2?
1b60
In base 4, what is -3 + -12022?
-12031
In base 10, what is -15 + -15?
-30
In base 7, what is 33 - -23?
56
In base 2, what is 100010101 + -1?
100010100
In base 13, what is 2 + b?
10
In base 7, what is 51500 - -1?
51501
In base 10, what is -6 - -35?
29
In base 9, what is -3 + 15?
12
In base 12, what is 42bb + 2?
4301
In base 11, what is -9 + 9?
0
In base 2, what is -100101000 + -10?
-100101010
In base 13, what is 67 - 0?
67
In base 13, what is 12 + -7?
8
In base 15, what is -3 - -1cd?
1ca
In base 15, what is -b93 - 3?
-b96
In base 8, what is 24 + 15?
41
In base 16, what is b - -a?
15
In base 3, what is -101020 + 10?
-101010
In base 7, what is -15 - -523?
505
In base 11, what is 485 - 3?
482
In base 15, what is 63 - 4?
5e
In base 13, what is 1ca7 - -3?
1caa
In base 8, what is -10435 - 5?
-10442
In base 4, what is -103030 + -2?
-103032
In base 4, what is -120 - -103?
-11
In base 9, what is 2 + 242?
244
In base 9, what is -5 + 14?
8
In base 11, what is 0 - -40?
40
In base 13, what is 22 - -3?
25
In base 13, what is -7b7 - 0?
-7b7
In base 13, what is -214 + -8?
-21c
In base 9, what is 211 - -15?
226
In base 10, what is 135 - 11?
124
In base 16, what is -170 + -7?
-177
In base 7, what is -5 + 5451?
5443
In base 9, what is 5 - -208?
214
In base 8, what is -2 - -531?
527
In base 9, what is -2003 + -6?
-2010
In base 16, what is 1 - -1f8?
1f9
In base 16, what is 0 - -5c?
5c
In base 8, what is -2 + 0?
-2
In base 16, what is 2 + 22?
24
In base 11, what is 43 - -4?
47
In base 16, what is -20 + c4?
a4
In base 3, what is 102022200 + 12?
102022212
In base 3, what is -222220 - -1010?
-221210
In base 3, what is 1122 + -10?
1112
In base 13, what is a2 - 7b?
24
In base 2, what is -10 - -10111110001?
10111101111
In base 14, what is 1 + -c3?
-c2
In base 4, what is -233 + -1123?
-2022
In base 5, what is -302 - 1001?
-1303
In base 5, what is 3 - -2123?
2131
In base 6, what is -2 - 332?
-334
In base 5, what is 14103 - 0?
14103
In base 8, what is 10 + 1177?
1207
In base 8, what is -1223 - -3?
-1220
In base 7, what is -320 - 53?
-403
In base 3, what is 1010 + 10?
1020
In base 11, what is 15 - -5?
1a
In base 8, what is 2 + -41?
-37
In base 9, what is -54 + 31?
-23
In base 14, what is -4b6 + 1?
-4b5
In base 7, what is -1016 - -1?
-1015
In base 10, what is 7 + -744?
-737
In base 2, what is -101 + -1111001011?
-1111010000
In base 15, what is 2e0 - 3?
2dc
In base 11, what is -4 - -264?
260
In base 10, what is 20 + 1306?
1326
In base 3, what is -12 + -1000?
-1012
In base 15, what is e - 55?
-46
In base 16, what is -5 + -17?
-1c
In base 13, what is 6 + -6b0?
-6a7
In base 11, what is -57 + -6?
-62
In base 7, what is 3 - 66?
-63
In base 9, what is 4 - -15?
20
In base 6, what is 0 + 123?
123
In base 9, what is -234 - 5?
-240
In base 6, what is -214 + 0?
-214
In base 8, what is 262 + -230?
32
In base 12, what is 4 + 57?
5b
In base 11, what is -5 - -598?
593
In base 4, what is 1203 - -11?
1220
In base 11, what is -9153 + 3?
-9150
In base 16, what is -9e - 4?
-a2
In base 14, what is 11600 - -5?
11605
In base 8, what is 51 + 13?
64
In base 10, what is 587 + -4?
583
In base 7, what is -5 - -4252?
4244
In base 9, what is -830 - 0?
-830
In base 16, what is -4 + 5ac?
5a8
In base 3, what is 111022 + -1?
111021
In base 15, what is 0 + -193?
-193
In base 8, what is -3 + -107?
-112
In base 5, what is 1300 - -2?
1302
In base 11, what is -205 - 4?
-209
In base 10, what is -137 + 47?
-90
In base 2, what is -11 + 10001000?
10000101
In base 15, what is -32 - 3?
-35
In base 5, what is 10 + 21331?
21341
In base 15, what is -2 + -742?
-744
In base 3, what is 210011 + -12?
202222
In base 9, what is -8 + 35?
26
In base 14, what is 20 - 4?
1a
In base 6, what is -2 - -1054?
1052
In base 10, what is 1 + -429?
-428
In base 8, what is 3 - -1?
4
In base 13, what is -3a - -269?
22c
In base 9, what is 71 - -130?
211
In base 12, what is -7a + 2?
-78
In base 11, what is 126 + 0?
126
In base 6, what is 5 - 11?
-2
In base 15, what is -d7 + 2?
-d5
In base 16, what is 1f - -10?
2f
In base 14, what is -4 + 304?
300
In base 16, what is 4 + 3c?
40
In base 13, what is -142 + 1?
-141
In base 12, what is 9 + -105?
-b8
In base 14, what is -3 - -175?
172
In base 15, what is -3 + 1e?
1b
In base 4, what is 122 + -2221?
-2033
In base 6, what is 2 + 120?
122
In base 11, what is -1 + -687?
-688
In base 15, what is 144 - -1?
145
In base 6, what is -32254 - -5?
-32245
In base 10, what is -2 - 138?
-140
In base 7, what is 266 - 5?
261
In base 4, what is 10 + -213111?
-213101
In base 3, what is -120202 + 2?
-120200
In base 11, what is 4 + 61?
65
In base 9, what is -4016 + -4?
-4021
In base 7, what is -252 + 5?
-244
In base 2, what is 1 + 1011011?
1011100
In base 14, what is 6 + -42?
-3a
In base 7, what is -5 - 612?
-620
In base 11, what is 1229 - -5?
1233
In base 3, what is 102 - 11?
21
In base 8, what is 4 - 53?
-47
In base 16, what is d4 - 0?
d4
In base 6, what is -3 + -214?
-221
In base 3, what is 2 - -1122001?
1122010
In base 7, what is -265 - -41?
-224
In base 7, what is -5 - -21334?
21326
In base 16, what is 1f5 + 2?
1f7
In base 6, what is -11 + -4?
-15
In base 5, what is 100302 + -1?
100301
In base 4, what is 13 + 202?
221
In base 3, what is 22200 - 10?
22120
In base 7, what is -32 - -5?
-24
In base 8, what is 71 - 1?
70
In base 3, what is 102120 - -10?
102200
In base 9, what is 601 - 0?
601
In base 16, what is -1a - -9?
-11
In base 2, what is -10111 + -10001?
-101000
In base 6, what is 4 - 102?
-54
In base 3, what is 201022 + -1?
201021
In base 8, what is 4 - -1562?
1566
In base 5, what is 322313 + 4?
322322
In base 3, what is -10110122 - -12?
-10110110
In base 9, what is 0 + 85?
85
In base 9, what is -3 - -221?
217
In base 11, what is 5a - 39?
21
In base 16, what is -3c + 10?
-2c
In base 5, what is 4 + 1341?
1400
In base 12, what is